*i = -i - 5*d - 27. List the prime factors of i.
11
Let z(t) = t**2 - 9*t + 9. Let a be z(7). Let g(h) = -h**2 - 7*h - 5. List the prime factors of g(a).
5
Let w(d) = d**2 + 7*d**3 - d**2 - 1. Let r be w(-1). Let s = -3 - r. List the prime factors of s.
5
Let l be (-9)/3 + 1 + 3. List the prime factors of (3*17/3)/l.
17
Let d = 6 + -12. Let m be (-68)/(-7) + d/(-21). Suppose -4*l + m + 7 = b, 3*l = 4*b - 11. List the prime factors of l.
3
Suppose -4*l + 29 = -59. Suppose -3*x + l = -14. Let t = x + -5. List the prime factors of t.
7
Suppose 4*b + 4*d - 2*d - 394 = 0, 4*d = -4. What are the prime factors of b?
3, 11
What are the prime factors of 3344/(-22)*-3*2/4?
2, 3, 19
Let d = 9 - 14. Let m be (56/(-10) + -1)*d. What are the prime factors of -5*(1 - m/15)?
2, 3
Let u(a) be the second derivative of a**5/60 - a**4/3 + 11*a**3/6 + 3*a**2/2 - a. Let t(s) be the first derivative of u(s). What are the prime factors of t(8)?
11
Let r(l) = -l**3 + 6*l**2 - 5*l - 5. Let q be r(5). List the prime factors of 0 - -2 - 3 - q.
2
Suppose -21 = -3*y + 2*y + l, -103 = -5*y + 3*l. Let a be (4/(-5))/(4/y). Let o = a + 15. List the prime factors of o.
11
Suppose 8*g = 4*g + 16. Suppose 3*s - b - 81 = 0, -g*s + 32 = 5*b - 57. What are the prime factors of s?
2, 13
Let y be 0/((-1 + 0)/1). Let p = -1 - y. What are the prime factors of 14/(-2)*(p - 0)?
7
Suppose 3*j - 472 = -2*z, -2*j - 182 = -3*z - 501. List the prime factors of j.
2, 79
Let z be 34/(-12) - (-8)/(-48). What are the prime factors of 5 + -2 - 1*z?
2, 3
Let f(h) be the third derivative of -h**5/60 + 3*h**4/8 + 7*h**3/3 - 2*h**2. Let d be f(10). Suppose 37 = d*w - 23. List the prime factors of w.
3, 5
Let q = 31 - -4. List the prime factors of q.
5, 7
Let l(y) = -4*y**2 + 21*y + 2. Let n(m) = m**2 - 7*m - 1. Let j(g) = 2*l(g) + 7*n(g). Let v = -5 - -1. List the prime factors of j(v).
3
Suppose 4*p + 1 = 17. Let z = p + -18. Let d = -4 - z. What are the prime factors of d?
2, 5
Let a(l) = -l**3 + 21*l**2 - 35*l + 27. List the prime factors of a(18).
3, 41
Suppose 0 = 2*o - 5*o. Let u = o + 10. List the prime factors of u.
2, 5
Suppose 5*a - 4*d + 7 = 0, -4*d + 0*d - 8 = 0. Let p be (2 + 2*a)*1. What are the prime factors of ((-24)/20)/(p/10)?
3
Let d(l) = 0 - 5*l - 4 + 4*l + 0*l. List the prime factors of d(-6).
2
Let w(f) = f + 24. Let n be w(0). Let x = n - 7. List the prime factors of x.
17
Let y(u) = u**2 + 9*u + 9. Let h be y(-10). Let r = h - 13. Suppose -5 - r = -v. List the prime factors of v.
11
Let g(f) = -f**3 - 7*f**2 - 6*f + 5. Let z be 2/8 - (-25)/(-4). What are the prime factors of g(z)?
5
Suppose -7 = -q + 5. Suppose 0 = -0*o - 4*o + q. What are the prime factors of 3/(-9) + 34/o?
11
Let r be 146/(-6) + 2/(-3). Let t = r + 46. What are the prime factors of t?
3, 7
Let j = 8 - 12. Let t be (-1)/j - (-1016)/32. Let n = t + -18. What are the prime factors of n?
2, 7
What are the prime factors of (2/(60/522))/(1/5)?
3, 29
Let a(h) = 15*h. Let p be a(1). Let t be (-3 + -2 + 1)*p. List the prime factors of 10/3*t/(-25).
2
Let c = -17 - -12. Let l = 7 + c. Suppose a + l*w - 19 = 0, -2*a = 3*a - w - 40. What are the prime factors of a?
3
Let f be (-2)/6*(-7 - -4). What are the prime factors of (-2)/4*(-33 - f)?
17
Let z(m) = -4*m - 10. Let x be z(-7). Suppose -x = 2*s - 44. List the prime factors of s.
13
Let w = -53 - -99. Suppose b - w = -b. What are the prime factors of b?
23
Suppose 5*o - 2*l = -5 - 20, 3*l = -2*o + 9. What are the prime factors of -2*(-1)/o*-6?
2
Suppose -7 + 19 = -3*n, 5*a - 1336 = 4*n. List the prime factors of a.
2, 3, 11
Suppose 0*x - 2*x = -6. Let v be x/(-6)*(-3 + -1). Suppose v*d = 4*d - 24. List the prime factors of d.
2, 3
Suppose 4 + 1 = -5*b. Let h(m) = 14*m**2 + m + 1. What are the prime factors of h(b)?
2, 7
Suppose -r = 2*y - 90, -4*y = -0*y + 4*r - 172. Suppose 3*v = -2*f + f + y, 5 = f. List the prime factors of v.
2, 7
Let k be 0 + (2 + -7 - -2). What are the prime factors of k/((6/(-27))/2)?
3
Let s = -32 - -98. What are the prime factors of s?
2, 3, 11
Suppose -3*d = -5*n + 17, -4*n + 12 + 8 = 4*d. Suppose 0 = -2*q - 2, -2*q - 10 = 4*v - n*q. What are the prime factors of 10/(-5)*(v - 1)?
2
Let o = 8 - 7. Let w = o + 1. List the prime factors of w.
2
Let a = -2 + 7. Suppose -5*s + a = -50. What are the prime factors of s?
11
Let s be (-2)/8 + 524/(-16). Let h = -9 - s. What are the prime factors of 230/12 - 4/h?
19
Let z(k) be the third derivative of k**5/60 + 5*k**4/12 - 5*k**3/6 + 5*k**2. What are the prime factors of z(-12)?
19
Let m = -152 + 248. List the prime factors of m.
2, 3
Let d(u) = -u**2 - 14*u - 3. Let i(y) = 7*y + 2. Let s(p) = -2*d(p) - 5*i(p). Let q be s(7). Suppose 0*n + q = 5*n. What are the prime factors of n?
3
Suppose 4 = 2*k - 0. Suppose -3*g - k*g = 0. Suppose -f + 8 + 3 = g. List the prime factors of f.
11
Let x(b) = 2*b - 2. Let v be x(4). Let n be (v/9)/((-2)/(-15)). Suppose -5*i = 0, n*y + 6*i = 4*i + 10. List the prime factors of y.
2
Let a(h) = 226*h**2 - 2*h + 1. Let w be a(1). List the prime factors of (w/(-12))/((-3)/8).
2, 5
Suppose 3*o = o + 16. List the prime factors of 22 + -3*o/12.
2, 5
Let k = -13 - -34. List the prime factors of k.
3, 7
Let d(b) = -b**3 + 3*b**2 + 5*b + 2. Let l be d(5). Let i = 58 + l. Suppose -p - 4*f + i = 13, -3*p + 30 = 3*f. List the prime factors of p.
2, 3
Suppose 3*m - 5*i + i - 68 = 0, 0 = 5*m - 2*i - 118. What are the prime factors of m?
2, 3
Suppose 141 = 3*g - 0*g - l, 47 = g - 2*l. Let r = g + -23. List the prime factors of r.
2, 3
Suppose -5*u = 20, -2*q - 4*u = 3*q + 11. Let h(k) = 8*k + 1. What are the prime factors of h(q)?
3
Let h(q) = -q**2 + 15*q - 14. What are the prime factors of h(12)?
2, 11
Let y(v) = v**3 - v - 1. Let g(n) = 6*n**3 + 2*n**2 - n - 2. Let i(l) = -g(l) + 5*y(l). List the prime factors of i(-2).
5
Suppose -u = 1 - 4. What are the prime factors of (u + 5)/(1*2)?
2
Suppose -2*n - 111 = -p, -11*p + 16*p - 615 = -5*n. List the prime factors of p.
7, 17
Let g = 9 + -15. Let i(t) = -t**2 - 6*t + 2 + 0*t**2 + 2. List the prime factors of i(g).
2
Let h be 2 + -4 - (1 - 5). Suppose 0*g + 8 = h*g. What are the prime factors of g?
2
Let k(x) = 17*x - 1. Let t be k(-3). Let q = t + 74. List the prime factors of q.
2, 11
Suppose 5*l = 26 - 1. Suppose 5*t - 50 = -5*w, l*w + t - 58 = 4*t. What are the prime factors of w?
11
Suppose 0 = 8*y - 5*y - 12. Let k = -8 - -25. Suppose -27 = -y*x + k. What are the prime factors of x?
11
Suppose a + 1 = 5. Suppose -4*c + 7 = b, -2*b = -a*c - 6*b - 8. List the prime factors of (-3)/c - -2 - -4.
5
List the prime factors of ((-378)/4)/9*-2.
3, 7
Suppose -2*w - 9 = -f + 3, 0 = -5*f - w + 104. List the prime factors of (-2)/(-4)*f/2.
5
Suppose -4*n - 16 = 3*r - 0*r, 2*r - 3*n - 12 = 0. What are the prime factors of 4 + -2 + r + 7?
3
Let v(n) = -5*n - 39. What are the prime factors of v(-18)?
3, 17
Let h be ((-1)/2)/(1/12). Let a(p) = -3*p - 7. What are the prime factors of a(h)?
11
Let i(q) = -q**3 - 3*q**2 + 5*q + 4. Suppose r - 8 = 3*r. Let x be i(r). Let v = 8 - x. What are the prime factors of v?
2
Let t(o) = -o + o - o + 1. Suppose -9 = 3*j - 3*l, j - l + 11 = -4*l. List the prime factors of t(j).
2, 3
Let j(h) = -2*h - 9. Let d be j(-6). Suppose 4*l + 3*u = 6*u + 43, 5*l - 50 = d*u. List the prime factors of l.
7
Suppose -y + 5*y + 4 = 0. Let t(h) = 4*h**2 - h - 1. Let f be t(y). Suppose 0*o - 3*j - 24 = -2*o, f*j = -2*o + 24. List the prime factors of o.
2, 3
Let j = 17 + 206. What are the prime factors of j?
223
Let t be 12/54 + 4/(-18). List the prime factors of (t + 1)/((-3)/(-57)).
19
Suppose -150 = -4*p - 2*p. List the prime factors of p.
5
Let w(m) = -39*m - 3. What are the prime factors of w(-3)?
2, 3, 19
Let v = 2 - -2. Suppose -4*i + 7*i - 7 = 2*p, v*p + 5 = 3*i. List the prime factors of i.
3
Let l(t) = -2*t**3 - 3*t**2 - 3*t - 2. Let v = -6 - -4. What are the prime factors of l(v)?
2
Suppose 4*x - y - 5 = 0, 5*x + 9 - 34 = 5*y. Suppose x = 2*p + 3*p. Let i = p + 4. List the prime factors of i.
2
Let b(t) = 2*t**3 - t**2 + 1. Let z be b(-2). Let o = -7 - z. What are the prime factors of o?
2, 3
What are the prime factors of (4 - 1)*(-4)/3 - -59?
5, 11
Let a be 7 - (5 - (0 + 2)). Suppose -5*k + d + 61 = 0, 4*d + 35 = 